90). Let b(t) = -2*t + 29. Calculate the remainder when b(d) is divided by 9.
5
Suppose -z = -2*r + 15, -4*r = 4*z - 2*z + 6. Calculate the remainder when (-36*(2 + 1))/(z/12) is divided by 37.
33
Let t(i) = -i**3 + 5*i**2 + 9*i - 16. Let g be t(-8). Calculate the remainder when 97 is divided by g/30 - (3 - (-32)/(-10)).
22
Let s be 0/(-3 + (1 - 1)). Suppose s = 71*n - 81*n + 440. Calculate the remainder when n is divided by 14.
2
Let i(n) = -7*n**3 + 7*n**2 - 10*n - 1. Let k(c) = -9*c**3 + 6*c**2 - 9*c. Let d(t) = 4*i(t) - 3*k(t). What is the remainder when d(8) is divided by 6?
2
Let k(v) = 6*v - 10. Let u(c) = -6*c + 10. Let f(n) = -2*k(n) - 3*u(n). Calculate the remainder when f(10) is divided by 14.
8
Let d(x) = -x**3 - 41*x**2 + 133*x + 70. Let t(v) = -v**3 + 6*v**2 - 7*v + 4. Calculate the remainder when d(-44) is divided by t(4).
2
Let m = -66 + 103. Let i = m + -4. Calculate the remainder when 194 is divided by i.
29
Suppose 3*u = n - 18, 5*n + 5*u + 7 + 3 = 0. Suppose 45 = n*k - 48. Calculate the remainder when 184 is divided by k.
29
Let j = 103 + -19. What is the remainder when j is divided by (-14 + (-930)/(-75))/(2/(-40))?
20
Let f = -566 - -817. Let w(g) = -7*g + 7. Calculate the remainder when f is divided by w(-5).
41
Suppose -z = -36*r + 31*r - 388, -z = 2*r - 402. Calculate the remainder when z is divided by 31.
26
Suppose -54*r + 16633 + 5831 = -6*r. What is the remainder when 1903 is divided by r?
31
Let m = 75 + -43. Suppose -5*p - 30*k + 28*k + 403 = 0, 362 = 4*p - 5*k. What is the remainder when p is divided by m?
19
Suppose 0 = -4*h - 4, -2*v + 5*h = 2*h - 77. What is the remainder when v is divided by (-114)/(-4) - ((-690)/60 + 10)?
7
Let r be 144/24*1167/(-3). What is the remainder when ((-66)/144 - (-4)/32)*r is divided by 11?
8
Suppose 96*d + 1274*d = 217*d + 149890. Calculate the remainder when d is divided by 2/(1*(-6)/(-201)).
63
Calculate the remainder when 138 is divided by ((-5950)/500 + 2/(-20))/((-3)/11).
6
Let b(a) = -5*a + 113. Let g be b(21). What is the remainder when (-8*2)/(-1 - 0) is divided by ((-4)/g + (-6)/(-4))*5?
1
Let m = -56 - -95. Suppose 0 = -5*t - 15, -4*t - 90 = -5*i + t. Suppose 2*l - 2 = 4*c + 24, 5*c + i = 0. Calculate the remainder when m is divided by l.
4
Let q = 173 - 166. Suppose -q*c - 551 = -5*i - 3*c, i - 4*c - 123 = 0. Calculate the remainder when i is divided by 10.
7
Let x = -5361 - -5911. What is the remainder when x is divided by 161?
67
Let c(g) = 16*g**3 + g**2 - 2. Let k be c(2). Suppose 0 = 12*f - 574 + k. What is the remainder when f is divided by 14?
9
Let j be (-10)/(-25) - 33/(-5). Suppose 2*t = -l - 13, -j = 4*l + 5*t - 6*t. Calculate the remainder when 11 is divided by 0 - l - ((-1 - 1) + 0).
1
Calculate the remainder when (3/(-8))/(12/8) - (-684981)/36 is divided by 284.
283
Suppose -149*t + 11869 = 46*t + 1339. Let f(l) = 5*l**2 - 3. Calculate the remainder when f(-5) is divided by t.
14
Let u(t) = -t**2 - 4*t - 4. Let g be u(-8). Let z = g + 53. Let h = 25702 - 25569. What is the remainder when h is divided by z?
14
Suppose -3*g - 5*b + 316 = 0, -196 = -2*g - 2*b + 20. Calculate the remainder when 7503 is divided by g.
111
Let i(p) = p + 5. Suppose 3*f - 4*f = -13. Let x be i(f). Suppose 3*t - 4*l = 32, -t + 5*l = -x - 0. Calculate the remainder when 20 is divided by t.
4
Let n(w) = -9*w - 201. Calculate the remainder when 1016 is divided by n(-26).
26
Let n = 23 + -19. Suppose -2298 = 4*c + n*r + 1318, -3*c + 5*r - 2744 = 0. What is the remainder when c/(-16) + 1/4 is divided by 15?
12
Let v(n) = 9*n**3 - 2*n**2 + 6*n - 27. What is the remainder when v(4) is divided by 54?
1
Let a = 325 + 166. Let b = a - 413. Calculate the remainder when b is divided by 21.
15
Let q = 12199 + -11363. What is the remainder when q is divided by 20?
16
Suppose 0 = 18*a - 14*a - 4. Calculate the remainder when (-20)/((((-60)/(-95))/(-6))/a) is divided by 32.
30
Let d = 24 + -27. Let u = d - -4. Calculate the remainder when 40 is divided by u/(-1 + 20/18).
4
Suppose -t + 8623 = 3*g, 701 = g - 3*t - 2180. Calculate the remainder when g is divided by 80.
75
Suppose 3*f - 100 = -2*h, -6*h + 227 = -h + 19*f. What is the remainder when 313 is divided by h?
48
Suppose -2*c + 10 = 0, -3*c - 280 = -4*z + c. Suppose -3*y - z = -5*h + 2*h, 2*h - 3*y = 52. Suppose 3*r = h - 2. What is the remainder when 25 is divided by r?
4
What is the remainder when -1*((-16)/(-10))/(24/(-3660)) is divided by 63?
55
Let o = -32 + 68. Let w(u) = 2*u**2 - 70*u - 62. What is the remainder when 468 is divided by w(o)?
8
Suppose -3*x + 42*v - 38*v = -79, 140 = 5*x - 5*v. Calculate the remainder when 438 is divided by x.
9
Let i = -73 - -75. Suppose -23*g + 375 = i*g. Calculate the remainder when 34 is divided by g.
4
Suppose 8844 = 90*b - 11*b - 12*b. What is the remainder when 429 is divided by b?
33
Let r(x) = -2*x**2 + 6*x + 2. Let i be r(4). Let b(m) = -7*m - 4. Let t be b(-4). Let f = t + i. What is the remainder when f is divided by 5?
3
Let k = 30523 + -30517. Calculate the remainder when 65 is divided by k.
5
Suppose 0 = -18*g + 44 + 10. Calculate the remainder when (g - -192 - -1) + 0 + -4 is divided by 52.
36
Suppose 0 = 26*h + 5*h + 92 - 650. What is the remainder when 762 is divided by h?
6
Let v(t) = t + 4. Let l be v(0). Suppose -120 = -1580*x + 1565*x. Calculate the remainder when (-142)/(-4) - (-6)/l is divided by x.
5
Let i(u) = 326*u**2 + 5*u + 17. What is the remainder when i(-2) is divided by 430?
21
Let n(u) = -10*u**3 + 134*u**2 - 22*u - 5. What is the remainder when n(11) is divided by 7?
4
Let b(o) = 11*o + 184. Suppose 52 = 2*h - 4*h. Let t = h + 58. What is the remainder when b(-11) is divided by t?
31
Suppose 3 = u - 3*s, -s + 0*s + 39 = 3*u. Suppose 4*m + 4 - u = 0, 0 = 5*c - 2*m - 201. Calculate the remainder when 108 is divided by c.
26
Suppose -471*w + 340*w + 23490 = 274*w. Suppose -3*i = -0*i + 12. Let f(q) = 2*q**2 - q - 5. Calculate the remainder when w is divided by f(i).
27
Suppose -1038 = -20*y + 22. What is the remainder when y is divided by 25?
3
Let p(n) = 51*n**3 + n**2 + n - 1. Suppose -96*d - 4824 = -120*d. What is the remainder when d is divided by p(1)?
45
Let s be 991/1 - (1 - -3). Suppose -z + s + 138 = 0. Calculate the remainder when (-6)/8 + z/12 is divided by 25.
18
Suppose 9285 = 4*n + 9117. What is the remainder when 167 is divided by n?
41
Suppose 2397 = 10*s - 793. Let y = -307 + s. What is the remainder when 35 is divided by y?
11
Let n = -3063 - -3088. What is the remainder when n is divided by 13?
12
Let q(h) = -h**3 - 5*h**2 + 5*h + 3. Let i be q(-5). Let r(d) = 38 - 428*d - 108 + 40 + 426*d. What is the remainder when 25 is divided by r(i)?
11
Suppose 2*u - u = -5, u + 9 = 4*s. Suppose s = 2*j - 31. Suppose -17*o + 129 + 42 = -33. Calculate the remainder when j is divided by o.
4
Let g(l) = -123*l**3 - 2*l**2 - 6*l - 3. Let t be g(-3). Suppose -48*y + 62*y = t. Calculate the remainder when y is divided by 15.
12
Suppose 184*g + 48 = 187*g. Suppose -l + g*l = 390. Calculate the remainder when l is divided by 3.
2
Let n = -790 - -1181. Suppose 16*j - n = 457. What is the remainder when j is divided by 2/7 + (-262)/(-14)?
15
Let s be (1 - 4 - (-20)/8)*-8. Suppose w - s = -0*w. What is the remainder when 11 is divided by w?
3
Let i(f) = -f**2 + 24*f - 135. Let k be i(26). Let h = -113 - k. What is the remainder when h is divided by 1/((-78)/(-38) - 2)?
17
Suppose 2*l - 391 = 289. Let i = -5071 - -5089. Calculate the remainder when l is divided by i.
16
Let c = -5054 + 9151. Calculate the remainder when c is divided by 20.
17
Suppose -3*s + 3*a = -3, 3*a + 10 = 5*s + 3. Suppose 0 = -s*m + 610 - 176. Calculate the remainder when m is divided by ((-132)/(-30))/(6 - 177/30).
41
Calculate the remainder when 304/(-1444) + (-365728)/(-76) is divided by 28.
24
Suppose -91*b + 12 = -89*b, -x + 5*b + 619 = 0. What is the remainder when x is divided by 167?
148
Suppose -n - i + 184 = 0, -4*n = -4*i - 125 - 667. Calculate the remainder when 2666 is divided by n.
183
Suppose -b + 4*b = 0, 2*a + 1066 = -5*b. Let n = a - -643. Calculate the remainder when n is divided by 8.
6
Suppose -18104 = 346*b + 4*b - 65704. What is the remainder when 267 is divided by b?
131
L